e number?
False
Is 321540697859 composite?
True
Is 719030503 a prime number?
False
Is 1041936163 a composite number?
True
Is 32945820715 a prime number?
False
Is 3076433585 composite?
True
Is 71232019459 composite?
False
Is 26918089777 a composite number?
False
Is 250020589051 composite?
False
Is 794367011 composite?
False
Is 3467139127 composite?
True
Is 1379538533 a prime number?
False
Is 387882487 prime?
True
Is 1806561877 a prime number?
True
Is 15671380001 prime?
False
Is 741368213 prime?
True
Is 321909663415 a prime number?
False
Is 112320193 a composite number?
False
Is 2541402767 a composite number?
True
Is 984013519 a composite number?
True
Is 13346416427 composite?
False
Is 64390363 prime?
False
Is 23569793971 prime?
True
Is 115888170481 a prime number?
True
Is 31718478521 prime?
True
Is 3364906667 a prime number?
True
Is 43001548531 prime?
False
Is 1273224151 a prime number?
True
Is 10933865963 composite?
False
Is 37483012289 prime?
True
Is 1242627649 composite?
False
Is 14095091729 a prime number?
False
Is 2260932151 composite?
True
Is 86860509841 a prime number?
False
Is 49698440839 composite?
True
Is 3977125297 a prime number?
True
Is 104008322413 prime?
False
Is 6707509063 composite?
True
Is 836086931 composite?
False
Is 426168923 composite?
True
Is 2455399979 a prime number?
True
Is 11303403641 composite?
False
Is 59693002669 composite?
False
Is 4014945601 a prime number?
True
Is 2724140203 prime?
False
Is 576612961 a prime number?
True
Is 171173873 a composite number?
True
Is 626585651 a prime number?
False
Is 33998134829 prime?
True
Is 1200719651 composite?
False
Is 884567891 a prime number?
True
Is 1922250983 a composite number?
False
Is 1764995917 a composite number?
False
Is 11036416121 composite?
True
Is 2489413033 a prime number?
True
Is 3214200203 a prime number?
True
Is 25786806803 a composite number?
False
Is 22897388149 composite?
True
Is 15691975867 a composite number?
False
Is 17816743157 prime?
True
Is 148497341 a prime number?
True
Is 9867125267 prime?
True
Is 3278190463 prime?
True
Is 778152737 prime?
False
Is 46025493377 a prime number?
True
Is 23995053419 composite?
True
Is 206275372019 a prime number?
False
Is 15759141053 a composite number?
True
Is 110604859103 a prime number?
False
Is 2465465435 composite?
True
Is 264659669 composite?
False
Is 3830345749 a prime number?
True
Is 10241257231 a composite number?
False
Is 12288655201 composite?
True
Is 794669807 composite?
True
Is 2830500821 prime?
False
Is 940881871 prime?
False
Is 424860829 a prime number?
False
Is 52862242585 composite?
True
Is 1202445719 composite?
False
Is 48945924649 prime?
False
Is 946614119 a prime number?
False
Is 1009349395 a composite number?
True
Is 255626479 a composite number?
False
Is 65056153 prime?
False
Is 508434679 prime?
True
Is 341856337 a composite number?
True
Is 37672163437 composite?
True
Is 7100660101 a prime number?
False
Is 17849159507 composite?
False
Is 1825725673 a prime number?
False
Is 2311762877 prime?
True
Is 48719182 composite?
True
Is 28320540539 prime?
False
Is 1002404456137 a prime number?
False
Is 3404562157 a prime number?
False
Is 1828718669 a prime number?
False
Is 49814967 a prime number?
False
Is 6149003657 composite?
False
Is 2398310489 a prime number?
False
Is 57550566301 a composite number?
False
Is 1359955759 composite?
True
Is 51522183879 composite?
True
Is 1893739999 a composite number?
True
Is 19466495293 a composite number?
True
Is 860826143 a composite number?
False
Is 1259885711 composite?
True
Is 1211225009 a composite number?
False
Is 9147293569 prime?
False
Is 1161096257 prime?
False
Is 255958057 composite?
False
Is 10340480123 prime?
True
Is 10430275313 a composite number?
True
Is 462682939 composite?
False
Is 22007004079 a prime number?
True
Is 116525789 a composite number?
True
Is 419641927 a composite number?
False
Is 11691716341 composite?
True
Is 6085753073 a composite number?
True
Is 1005779821 a composite number?
False
Is 1855677309 a prime number?
False
Is 54620363437 a prime number?
False
Is 1119331379 a composite number?
False
Is 11169316099 composite?
True
Is 76983559503 a prime number?
False
Is 631013597 a prime number?
False
Is 1727627087 composite?
False
Is 311011418009 a prime number?
False
Is 1478157607 a prime number?
False
Is 87529397 prime?
False
Is 819407077 a composite number?
False
Is 3217205479 a prime number?
False
Is 5976885533 a composite number?
True
Is 1673898511 composite?
False
Is 15150065837 composite?
False
Is 4926168113 composite?
False
Is 65265133 prime?
False
Is 62212023113 composite?
True
Is 27755796307 composite?
True
Is 2645971093 composite?
False
Is 25022393801 a prime number?
True
Is 382814057 composite?
True
Is 73389854843 prime?
False
Is 5647840043 composite?
True
Is 442548539 prime?
False
Is 56839711 prime?
True
Is 3867202771 a composite number?
False
Is 425013263 a composite number?
False
Is 175719623 prime?
False
Is 4484010319 prime?
False
Is 171199153 composite?
False
Is 58579753 composite?
False
Is 2798410357 composite?
True
Is 1224155666 prime?
False
Is 6468040643 prime?
False
Is 9924735703 prime?
True
Is 18553194601 prime?
True
Is 341891673 prime?
False
Is 95370510667 a prime number?
True
Is 33293149181 composite?
True
Is 117196791139 prime?
False
Is 3816788047 composite?
False
Is 108444833707 a composite number?
True
Is 1846499815 a prime number?
False
Is 12646733413 a composite number?
False
Is 11100511469 composite?
True
Is 2240481599 a composite number?
True
Is 194590739 a prime number?
False
Is 4111719137 a composite number?
True
Is 1153841035 prime?
False
Is 1154221643 composite?
False
Is 79099847 composite?
False
Is 23834690291 prime?
True
Is 13559749939 a prime number?
True
Is 33441663557 a prime number?
False
Is 2528686418 a composite number?
True
Is 9594172997 prime?
True
Is 6864035359 a prime number?
False
Is 59094829 a composite number?
True
Is 4883629327 composite?
False
Is 27603236161 a prime number?
True
Is 1088004143 a composite number?
False
Is 13881600533 a composite number?
False
Is 5692894729 a prime number?
True
Is 21535574405 a prime number?
False
Is 103114727371 a composite number?
True
Is 106133059 a composite number?
True
Is 4379960933 prime?
False
Is 2397781 composite?
True
Is 86742649 a prime number?
False
Is 13396020461 composite?
False
Is 1755420379 a prime number?
False
Is 8994211417 a composite number?
True
Is 9011999539 a composite number?
False
Is 212263958 a prime number?
False
Is 10301100307 prime?
False
Is 3179012929 prime?
True
Is 3165740533 a composite number?
False
Is 51021604967 a prime number?
False
Is 287646517 a prime number?
True
Is 955785923 a prime number?
False
Is 59728003 a prime number?
True
Is 24591953777 composite?
False
Is 504331463 a prime number?
True
Is 15073158389 a composite number?
False
Is 110520125689 a prime number?
True
Is 113713667 a prime number?
False
Is 105805254979 prime?
True
Is 910282785935 a composite number?
True
Is 5348657329 composite?
False
Is 360115373 a composite number?
False
Is 816686489 prime?
True
Is 101810557 a composite number?
False
Is 84074593 a prime number?
True
Is 20802003577 prime?
True
Is 4819070437 composite?
False
Is 400533533 a composite number?
True
Is 5741202487 prime?
True
Is 4183089803 a composite number?
False
Is 4704108413 prime?
False
Is 228860117 a composite number?
True
Is 958631953 a composite number?
False
Is 1291869481 composite?
True
Is 765526669 a prime number?
False
Is 2559777611 prime?
False
Is 41485088405 prime?
False
Is 1307869391 a composite number?
False
Is 2444412109 a composite number?
False
Is 3290170438 prime?
False
Is 1751443327 prime?
True
Is 32751785771 prime?
True
Is 568171849 a composite number?
True
Is 24297508703 composite?
True
Is 482381131 a prime number?
False
Is 108848501155 composite?
True
Is 31194365613 composite?
True
Is 10501169057 composite?
False
Is 8974182743 composite?
True
Is 2038753103 a prime number?
True
Is 3188495377 a prime number?
True
Is 43021325381 prime?
False
Is 3408758119 a composite number?
True
Is 845836073 prime?
False
Is 2596509451 a composite number?
True
Is 1409037709 prime?
False
Is 153066269897 a prime number?
False
Is 74889673 a composite number?
True
Is 62637192599 a prime number